{"id":21,"date":"2016-07-27T22:02:53","date_gmt":"2016-07-27T22:02:53","guid":{"rendered":"http:\/\/nunezdiseno.com.ar\/liceo\/?page_id=21"},"modified":"2018-03-02T00:31:05","modified_gmt":"2018-03-02T00:31:05","slug":"carreras","status":"publish","type":"page","link":"https:\/\/liceoinformatico.edu.ar\/?page_id=21","title":{"rendered":"Carreras"},"content":{"rendered":"<p>[vc_row][vc_column width=\u00bb1\/3&#8243; css=\u00bb.vc_custom_1473099439333{padding-right: 30px !important;}\u00bb][vc_column_text css=\u00bb.vc_custom_1473099384693{padding: 15px !important;background-color: #005da3 !important;}\u00bb]<span style=\"color: #ffffff;\"><strong>FILTROS DE B\u00daSQUEDA<br \/>\n<\/strong>Activ\u00e1 los filtros de b\u00fasqueda para llegar m\u00e1s r\u00e1pido al resultado que quer\u00e9s encontrar<\/span>[\/vc_column_text][vc_widget_sidebar sidebar_id=\u00bbsidebar-2&#8243;][\/vc_column][vc_column width=\u00bb2\/3&#8243;][vc_column_text]<div class=\"facetwp-template\" data-name=\"carreras\">    <div style=\"margin-bottom: 10px; text-transform: uppercase;\"><a href=\"https:\/\/liceoinformatico.edu.ar\/?carrera=postitulo-docente-especializacion-docente-de-nivel-superior-en-tecnologia-para-educacion-inclusiva\">Post\u00edtulo Docente Especializaci\u00f3n Docente de Nivel Superior en Tecnolog\u00eda para Educaci\u00f3n Inclusiva<\/a><\/div>\n    <div style=\"border-bottom: 1px solid #12abdd; margin-bottom: 10px\"><\/div>\n    <div style=\"margin-bottom: 10px; text-transform: uppercase;\"><a href=\"https:\/\/liceoinformatico.edu.ar\/?carrera=profesorado-de-educacion-secundaria-en-ciencia-politica-2\">Profesorado de Educaci\u00f3n Secundaria en Ciencia Pol\u00edtica<\/a><\/div>\n    <div style=\"border-bottom: 1px solid #12abdd; margin-bottom: 10px\"><\/div>\n    <div style=\"margin-bottom: 10px; text-transform: uppercase;\"><a href=\"https:\/\/liceoinformatico.edu.ar\/?carrera=profesorado-de-educacion-secundaria-en-tecnologias\">Profesorado de Educaci\u00f3n Secundaria en Tecnolog\u00edas<\/a><\/div>\n    <div style=\"border-bottom: 1px solid #12abdd; margin-bottom: 10px\"><\/div>\n    <div style=\"margin-bottom: 10px; text-transform: uppercase;\"><a href=\"https:\/\/liceoinformatico.edu.ar\/?carrera=tecnicatura-superior-en-acompanante-terapeutico\">Tecnicatura Superior en Acompa\u00f1ante Terapeutico<\/a><\/div>\n    <div style=\"border-bottom: 1px solid #12abdd; margin-bottom: 10px\"><\/div>\n    <div style=\"margin-bottom: 10px; text-transform: uppercase;\"><a href=\"https:\/\/liceoinformatico.edu.ar\/?carrera=tecnicatura-superior-en-analisis-de-sistemas-informaticos\">Tecnicatura Superior en An\u00e1lisis de Sistemas Inform\u00e1ticos<\/a><\/div>\n    <div style=\"border-bottom: 1px solid #12abdd; margin-bottom: 10px\"><\/div>\n    <div style=\"margin-bottom: 10px; text-transform: uppercase;\"><a href=\"https:\/\/liceoinformatico.edu.ar\/?carrera=tecnicatura-superior-en-ciencia-de-datos-e-inteligencia-artificial\">Tecnicatura Superior en Ciencia de Datos e Inteligencia Artificial<\/a><\/div>\n    <div style=\"border-bottom: 1px solid #12abdd; margin-bottom: 10px\"><\/div>\n    <div style=\"margin-bottom: 10px; text-transform: uppercase;\"><a href=\"https:\/\/liceoinformatico.edu.ar\/?carrera=tecnicatura-superior-en-organizacion-de-operaciones-gastronomicas\">Tecnicatura Superior en Organizaci\u00f3n de Operaciones Gastron\u00f3micas<\/a><\/div>\n    <div style=\"border-bottom: 1px solid #12abdd; margin-bottom: 10px\"><\/div>\n    <div style=\"margin-bottom: 10px; text-transform: uppercase;\"><a href=\"https:\/\/liceoinformatico.edu.ar\/?carrera=tecnicatura-superior-martillero-publico\">Tecnicatura Superior Martillero P\u00fablico<\/a><\/div>\n    <div style=\"border-bottom: 1px solid #12abdd; margin-bottom: 10px\"><\/div>\n<\/div>[\/vc_column_text][\/vc_column][\/vc_row]<\/p>\n","protected":false},"excerpt":{"rendered":"<p>[vc_row][vc_column width=\u00bb1\/3&#8243; css=\u00bb.vc_custom_1473099439333{padding-right: 30px !important;}\u00bb][vc_column_text css=\u00bb.vc_custom_1473099384693{padding: 15px !important;background-color: #005da3 !important;}\u00bb]FILTROS DE B\u00daSQUEDA Activ\u00e1 los filtros de b\u00fasqueda para llegar m\u00e1s r\u00e1pido al resultado que quer\u00e9s encontrar[\/vc_column_text][vc_widget_sidebar sidebar_id=\u00bbsidebar-2&#8243;][\/vc_column][vc_column width=\u00bb2\/3&#8243;][vc_column_text][\/vc_column_text][\/vc_column][\/vc_row]<\/p>\n","protected":false},"author":1,"featured_media":0,"parent":15,"menu_order":0,"comment_status":"closed","ping_status":"closed","template":"","meta":{"footnotes":"","_joinchat":[]},"acf":[],"yoast_head":"<!-- This site is optimized with the Yoast SEO plugin v21.9.1 - https:\/\/yoast.com\/wordpress\/plugins\/seo\/ -->\n<title>Carreras - Complejo Educativo Liceo Inform\u00e1tico II - Ciudad Educativa<\/title>\n<meta name=\"robots\" content=\"index, follow, max-snippet:-1, max-image-preview:large, max-video-preview:-1\" \/>\n<link rel=\"canonical\" href=\"https:\/\/liceoinformatico.edu.ar\/?page_id=21\" \/>\n<meta property=\"og:locale\" content=\"es_ES\" \/>\n<meta property=\"og:type\" content=\"article\" \/>\n<meta property=\"og:title\" content=\"Carreras - Complejo Educativo Liceo Inform\u00e1tico II - Ciudad Educativa\" \/>\n<meta property=\"og:description\" content=\"[vc_row][vc_column width=\u00bb1\/3&#8243; css=\u00bb.vc_custom_1473099439333{padding-right: 30px !important;}\u00bb][vc_column_text css=\u00bb.vc_custom_1473099384693{padding: 15px !important;background-color: #005da3 !important;}\u00bb]FILTROS DE B\u00daSQUEDA Activ\u00e1 los filtros de b\u00fasqueda para llegar m\u00e1s r\u00e1pido al resultado que quer\u00e9s encontrar[\/vc_column_text][vc_widget_sidebar sidebar_id=\u00bbsidebar-2&#8243;][\/vc_column][vc_column width=\u00bb2\/3&#8243;][vc_column_text][\/vc_column_text][\/vc_column][\/vc_row]\" \/>\n<meta property=\"og:url\" content=\"https:\/\/liceoinformatico.edu.ar\/?page_id=21\" \/>\n<meta property=\"og:site_name\" content=\"Complejo Educativo Liceo Inform\u00e1tico II - Ciudad Educativa\" \/>\n<meta property=\"article:modified_time\" content=\"2018-03-02T00:31:05+00:00\" \/>\n<meta name=\"twitter:card\" content=\"summary_large_image\" \/>\n<script type=\"application\/ld+json\" class=\"yoast-schema-graph\">{\"@context\":\"https:\/\/schema.org\",\"@graph\":[{\"@type\":\"WebPage\",\"@id\":\"https:\/\/liceoinformatico.edu.ar\/?page_id=21\",\"url\":\"https:\/\/liceoinformatico.edu.ar\/?page_id=21\",\"name\":\"Carreras - Complejo Educativo Liceo Inform\u00e1tico II - Ciudad Educativa\",\"isPartOf\":{\"@id\":\"https:\/\/liceoinformatico.edu.ar\/#website\"},\"datePublished\":\"2016-07-27T22:02:53+00:00\",\"dateModified\":\"2018-03-02T00:31:05+00:00\",\"breadcrumb\":{\"@id\":\"https:\/\/liceoinformatico.edu.ar\/?page_id=21#breadcrumb\"},\"inLanguage\":\"es\",\"potentialAction\":[{\"@type\":\"ReadAction\",\"target\":[\"https:\/\/liceoinformatico.edu.ar\/?page_id=21\"]}]},{\"@type\":\"BreadcrumbList\",\"@id\":\"https:\/\/liceoinformatico.edu.ar\/?page_id=21#breadcrumb\",\"itemListElement\":[{\"@type\":\"ListItem\",\"position\":1,\"name\":\"Portada\",\"item\":\"https:\/\/liceoinformatico.edu.ar\/\"},{\"@type\":\"ListItem\",\"position\":2,\"name\":\"Educaci\u00f3n Superior\",\"item\":\"https:\/\/liceoinformatico.edu.ar\/?page_id=15\"},{\"@type\":\"ListItem\",\"position\":3,\"name\":\"Carreras\"}]},{\"@type\":\"WebSite\",\"@id\":\"https:\/\/liceoinformatico.edu.ar\/#website\",\"url\":\"https:\/\/liceoinformatico.edu.ar\/\",\"name\":\"Complejo Educativo Liceo Inform\u00e1tico II - Ciudad Educativa\",\"description\":\"\",\"publisher\":{\"@id\":\"https:\/\/liceoinformatico.edu.ar\/#organization\"},\"potentialAction\":[{\"@type\":\"SearchAction\",\"target\":{\"@type\":\"EntryPoint\",\"urlTemplate\":\"https:\/\/liceoinformatico.edu.ar\/?s={search_term_string}\"},\"query-input\":\"required name=search_term_string\"}],\"inLanguage\":\"es\"},{\"@type\":\"Organization\",\"@id\":\"https:\/\/liceoinformatico.edu.ar\/#organization\",\"name\":\"Complejo Educativo Liceo Inform\u00e1tico II - Ciudad Educativa\",\"url\":\"https:\/\/liceoinformatico.edu.ar\/\",\"logo\":{\"@type\":\"ImageObject\",\"inLanguage\":\"es\",\"@id\":\"https:\/\/liceoinformatico.edu.ar\/#\/schema\/logo\/image\/\",\"url\":\"https:\/\/liceoinformatico.edu.ar\/wp-content\/uploads\/2022\/11\/cropped-header-2.jpg\",\"contentUrl\":\"https:\/\/liceoinformatico.edu.ar\/wp-content\/uploads\/2022\/11\/cropped-header-2.jpg\",\"width\":1022,\"height\":127,\"caption\":\"Complejo Educativo Liceo Inform\u00e1tico II - Ciudad Educativa\"},\"image\":{\"@id\":\"https:\/\/liceoinformatico.edu.ar\/#\/schema\/logo\/image\/\"}}]}<\/script>\n<!-- \/ Yoast SEO plugin. -->","yoast_head_json":{"title":"Carreras - Complejo Educativo Liceo Inform\u00e1tico II - Ciudad Educativa","robots":{"index":"index","follow":"follow","max-snippet":"max-snippet:-1","max-image-preview":"max-image-preview:large","max-video-preview":"max-video-preview:-1"},"canonical":"https:\/\/liceoinformatico.edu.ar\/?page_id=21","og_locale":"es_ES","og_type":"article","og_title":"Carreras - Complejo Educativo Liceo Inform\u00e1tico II - Ciudad Educativa","og_description":"[vc_row][vc_column width=\u00bb1\/3&#8243; css=\u00bb.vc_custom_1473099439333{padding-right: 30px !important;}\u00bb][vc_column_text css=\u00bb.vc_custom_1473099384693{padding: 15px !important;background-color: #005da3 !important;}\u00bb]FILTROS DE B\u00daSQUEDA Activ\u00e1 los filtros de b\u00fasqueda para llegar m\u00e1s r\u00e1pido al resultado que quer\u00e9s encontrar[\/vc_column_text][vc_widget_sidebar sidebar_id=\u00bbsidebar-2&#8243;][\/vc_column][vc_column width=\u00bb2\/3&#8243;][vc_column_text][\/vc_column_text][\/vc_column][\/vc_row]","og_url":"https:\/\/liceoinformatico.edu.ar\/?page_id=21","og_site_name":"Complejo Educativo Liceo Inform\u00e1tico II - Ciudad Educativa","article_modified_time":"2018-03-02T00:31:05+00:00","twitter_card":"summary_large_image","schema":{"@context":"https:\/\/schema.org","@graph":[{"@type":"WebPage","@id":"https:\/\/liceoinformatico.edu.ar\/?page_id=21","url":"https:\/\/liceoinformatico.edu.ar\/?page_id=21","name":"Carreras - Complejo Educativo Liceo Inform\u00e1tico II - Ciudad Educativa","isPartOf":{"@id":"https:\/\/liceoinformatico.edu.ar\/#website"},"datePublished":"2016-07-27T22:02:53+00:00","dateModified":"2018-03-02T00:31:05+00:00","breadcrumb":{"@id":"https:\/\/liceoinformatico.edu.ar\/?page_id=21#breadcrumb"},"inLanguage":"es","potentialAction":[{"@type":"ReadAction","target":["https:\/\/liceoinformatico.edu.ar\/?page_id=21"]}]},{"@type":"BreadcrumbList","@id":"https:\/\/liceoinformatico.edu.ar\/?page_id=21#breadcrumb","itemListElement":[{"@type":"ListItem","position":1,"name":"Portada","item":"https:\/\/liceoinformatico.edu.ar\/"},{"@type":"ListItem","position":2,"name":"Educaci\u00f3n Superior","item":"https:\/\/liceoinformatico.edu.ar\/?page_id=15"},{"@type":"ListItem","position":3,"name":"Carreras"}]},{"@type":"WebSite","@id":"https:\/\/liceoinformatico.edu.ar\/#website","url":"https:\/\/liceoinformatico.edu.ar\/","name":"Complejo Educativo Liceo Inform\u00e1tico II - Ciudad Educativa","description":"","publisher":{"@id":"https:\/\/liceoinformatico.edu.ar\/#organization"},"potentialAction":[{"@type":"SearchAction","target":{"@type":"EntryPoint","urlTemplate":"https:\/\/liceoinformatico.edu.ar\/?s={search_term_string}"},"query-input":"required name=search_term_string"}],"inLanguage":"es"},{"@type":"Organization","@id":"https:\/\/liceoinformatico.edu.ar\/#organization","name":"Complejo Educativo Liceo Inform\u00e1tico II - Ciudad Educativa","url":"https:\/\/liceoinformatico.edu.ar\/","logo":{"@type":"ImageObject","inLanguage":"es","@id":"https:\/\/liceoinformatico.edu.ar\/#\/schema\/logo\/image\/","url":"https:\/\/liceoinformatico.edu.ar\/wp-content\/uploads\/2022\/11\/cropped-header-2.jpg","contentUrl":"https:\/\/liceoinformatico.edu.ar\/wp-content\/uploads\/2022\/11\/cropped-header-2.jpg","width":1022,"height":127,"caption":"Complejo Educativo Liceo Inform\u00e1tico II - Ciudad Educativa"},"image":{"@id":"https:\/\/liceoinformatico.edu.ar\/#\/schema\/logo\/image\/"}}]}},"_links":{"self":[{"href":"https:\/\/liceoinformatico.edu.ar\/index.php?rest_route=\/wp\/v2\/pages\/21"}],"collection":[{"href":"https:\/\/liceoinformatico.edu.ar\/index.php?rest_route=\/wp\/v2\/pages"}],"about":[{"href":"https:\/\/liceoinformatico.edu.ar\/index.php?rest_route=\/wp\/v2\/types\/page"}],"author":[{"embeddable":true,"href":"https:\/\/liceoinformatico.edu.ar\/index.php?rest_route=\/wp\/v2\/users\/1"}],"replies":[{"embeddable":true,"href":"https:\/\/liceoinformatico.edu.ar\/index.php?rest_route=%2Fwp%2Fv2%2Fcomments&post=21"}],"version-history":[{"count":1,"href":"https:\/\/liceoinformatico.edu.ar\/index.php?rest_route=\/wp\/v2\/pages\/21\/revisions"}],"predecessor-version":[{"id":715,"href":"https:\/\/liceoinformatico.edu.ar\/index.php?rest_route=\/wp\/v2\/pages\/21\/revisions\/715"}],"up":[{"embeddable":true,"href":"https:\/\/liceoinformatico.edu.ar\/index.php?rest_route=\/wp\/v2\/pages\/15"}],"wp:attachment":[{"href":"https:\/\/liceoinformatico.edu.ar\/index.php?rest_route=%2Fwp%2Fv2%2Fmedia&parent=21"}],"curies":[{"name":"wp","href":"https:\/\/api.w.org\/{rel}","templated":true}]}}