{"id":1495,"date":"2022-11-15T08:09:17","date_gmt":"2022-11-15T08:09:17","guid":{"rendered":"https:\/\/liceoprueba.online\/?page_id=1495"},"modified":"2023-10-21T12:38:10","modified_gmt":"2023-10-21T12:38:10","slug":"educacion-inicial","status":"publish","type":"page","link":"https:\/\/liceoinformatico.edu.ar\/?page_id=1495","title":{"rendered":"Educacion inicial"},"content":{"rendered":"<p>[vc_row][vc_column width=\u00bb2\/3&#8243;][vc_tta_tour color=\u00bbblue\u00bb active_section=\u00bb1&#8243;][vc_tta_section title=\u00bbHistoria\u00bb tab_id=\u00bb1668499846918-c8b5a2be-6c19&#8243;][vc_wp_text]<\/p>\n<p>Nuestra instituci\u00f3n educativa desde sus or\u00edgenes asume la Inclusi\u00f3n en su multiplicidad de manifestaciones (pedag\u00f3gica, pol\u00edtica, social y filos\u00f3fica). Este proyecto promueve el desarrollo de las alfabetizaciones m\u00faltiples y la valoraci\u00f3n de los diversos modos de aprender.<\/p>\n<p>En tal sentido, seguimos trabajando para fortalecer las caracter\u00edsticas fundantes del Proyecto Educativo Institucional y ampliar nuestra propuesta de formaci\u00f3n que, comenzando desde los primeros pasos de los trayectos educativos del estudiante (Jard\u00edn Maternal y de Infantes&nbsp;<i>Pichi Namun<\/i>), pueda ofrecerles un tr\u00e1nsito arm\u00f3nico hasta los niveles superiores de la educaci\u00f3n.<\/p>\n<p>En base a ese esp\u00edritu, y con una propuesta inspirada en la innovaci\u00f3n tecnol\u00f3gica insoslayable que resulta evidente en la transici\u00f3n en curso y en concordancia con lo establecido en la Ley de Educaci\u00f3n Nacional N\u00b0 26.206 en su art\u00edculo 20, el objetivo de la&nbsp;<i>Educaci\u00f3n Inicial es promover el aprendizaje y desarrollo de los\/as ni\u00f1os\/as desde cuarenta y cinco (45) d\u00edas a cinco (5) a\u00f1os de edad inclusive, como sujetos de derechos y part\u00edcipes activos\/as de un proceso de formaci\u00f3n integral, miembros de una familia y de una comunidad<\/i>, nuestro Proyecto de Educaci\u00f3n Inicial tiene por objetivo garantizar el derecho a la educaci\u00f3n para todos\/as los\/as ni\u00f1os\/as en el marco de las condiciones necesarias para un desarrollo integral de la infancia en todas sus dimensiones.[\/vc_wp_text][\/vc_tta_section][vc_tta_section title=\u00bbPropuesta\u00bb tab_id=\u00bb1668499846918-5ba0cd8a-aff7&#8243;][vc_wp_text]<\/p>\n<p>Este proyecto impulsa las estrategias pedag\u00f3gicas que promueven en los\/as ni\u00f1os\/as la solidaridad, confianza, cuidado, amistad y respeto a s\u00ed mismo y a los\/as otros\/as; desarrollen su capacidad creativa y el placer por el conocimiento en las experiencias de aprendizaje; promueven el juego como contenido de alto valor cultural para el desarrollo cognitivo, afectivo, \u00e9tico, motor y social; desarrollen la capacidad de expresi\u00f3n y comunicaci\u00f3n a trav\u00e9s de los distintos lenguajes, verbales y no verbales: el movimiento, la m\u00fasica, la expresi\u00f3n pl\u00e1stica y la literatura; favorecen formaci\u00f3n corporal y motriz a trav\u00e9s de la educaci\u00f3n f\u00edsica. En este sentido, reafirmamos nuestro compromiso institucional de atender a las desigualdades educativas de origen social y familiar para favorecer una integraci\u00f3n plena de todos\/as los\/as ni\u00f1os\/as en el sistema educativo.<\/p>\n<p>\u2013 Nuestro Jard\u00edn Maternal y de Infantes promover\u00e1:<\/p>\n<ol>\n<li>Calidez de hogar.<\/li>\n<li>Eficacia profesional en el m\u00e1s alto nivel.<\/li>\n<li>Seguridad.<\/li>\n<li>Comodidad: para el\/la ni\u00f1o\/a y para el personal.<\/li>\n<li>Fortalecimiento de los lazos entre familias y escuela.<\/li>\n<li>Facilitar el acompa\u00f1amiento de los ni\u00f1os\/as y propiciar espacios de encuentros genuinos.<\/li>\n<li>Ofrecer m\u00faltiples y variadas situaciones que promuevan un ambiente alfabetizador y desarrollen su capacidad creativa.<\/li>\n<\/ol>\n<p>[\/vc_wp_text][\/vc_tta_section][vc_tta_section title=\u00bbHorarios\u00bb tab_id=\u00bb1668499895852-69ac3da6-973d\u00bb][vc_wp_text]EL Jard\u00edn Maternal, que comprende desde los 45 d\u00edas a los 3 a\u00f1os de edad, funciona desde las 7hs a las 18:30 hs. Su estructura flexible permite que cada familia pueda acordar los horarios en funci\u00f3n de las necesidades.<\/p>\n<p>Jard\u00edn de Infantes, tramo obligatorio, comprendido entre los 4 y 5 a\u00f1os de edad, funciona en el turno de la ma\u00f1ana, de 9 hs a 12:15hs.&nbsp; Contando con la posibilidad de extensi\u00f3n horaria.<\/p>\n<p>[\/vc_wp_text][\/vc_tta_section][vc_tta_section title=\u00bbAct. Extras\u00bb tab_id=\u00bb1668499913012-45ae9b82-23b1&#8243;][vc_wp_text]<\/p>\n<p>El prop\u00f3sito Institucional respecto a la Educaci\u00f3n Inicial, estar\u00e1 en constante acci\u00f3n, frente al seguimiento integral del ni\u00f1o, atendiendo los requerimientos sociales del mismo.<\/p>\n<p>Educaci\u00f3n F\u00edsica<\/p>\n<p>Educaci\u00f3n Art\u00edstica<\/p>\n<p>Educaci\u00f3n Art\u00edstica&nbsp; M\u00fasica<\/p>\n<p>Taller de Cocina<\/p>\n<p>Taller de Lectura por placer[\/vc_wp_text][\/vc_tta_section][vc_tta_section title=\u00bbUniformes\u00bb tab_id=\u00bb1668499916867-dd3ea01e-f9f2&#8243;][vc_wp_text]<\/p>\n<p>Invierno:<\/p>\n<p>Opci\u00f3n:&nbsp;1- Buzo azul \/ Remera roja con el logo del jard\u00edn \/ Pantal\u00f3n azul<\/p>\n<p>2- Delantal o chaqueta oficial<\/p>\n<p>Verano:<\/p>\n<p>Opci\u00f3n:&nbsp;1- Remera roja con el logo del jard\u00edn \/ Pantal\u00f3n corto azul<\/p>\n<p>2- Delantal o chaqueta oficial[\/vc_wp_text][\/vc_tta_section][vc_tta_section title=\u00bbEquipo\u00bb tab_id=\u00bb1668499920025-c389b3d2-5e6b\u00bb][vc_wp_text]Todos sus integrantes deber\u00e1n tener una formaci\u00f3n profesional y \u00e9tica a fin de poder propiciar al alumnado pr\u00e1cticas responsables, comprometidas y reflexivas, a fin de lograr aprendizajes significativos. Esto se lograr\u00e1 mediante los acuerdos y estrategias a desarrollar con la comunidad educativa.[\/vc_wp_text][\/vc_tta_section][vc_tta_section title=\u00bbAdministraci\u00f3n\u00bb tab_id=\u00bb1668499923151-eaba0074-a084&#8243;][vc_wp_text]<\/p>\n<ol>\n<li>Contactos<\/li>\n<li>Aranceles Se abona una matr\u00edcula anual y cuota mensual consecutivas<\/li>\n<li>Solicitud de Inscripci\u00f3n<\/li>\n<li>Ficha m\u00e9dica<\/li>\n<\/ol>\n<p>[\/vc_wp_text][\/vc_tta_section][vc_tta_section title=\u00bbComedor\u00bb tab_id=\u00bb1668499892205-3178108a-70dd\u00bb][vc_wp_text]<\/p>\n<p>Los ni\u00f1os y ni\u00f1as del Jard\u00edn cuentan con el desayuno, almuerzo y merienda. Basada en una dieta equilibrada acorde a las necesidades nutritivas de la primera infancia.<\/p>\n<p>Se sostiene gracias a la colaboraci\u00f3n del proyecto de la FuPEST.[\/vc_wp_text][\/vc_tta_section][\/vc_tta_tour][vc_text_separator title=\u00bbNoticias\u00bb color=\u00bbblue\u00bb][vc_row_inner][vc_column_inner][vc_masonry_grid post_type=\u00bbpost\u00bb max_items=\u00bb3&#8243; style=\u00bblazy\u00bb items_per_page=\u00bb3&#8243; gap=\u00bb1&#8243; item=\u00bb405&#8243; grid_id=\u00bbvc_gid:1668588929107-57cfb7f6e545cffb5640b0efe1dc601b-5&#8243;][\/vc_column_inner][\/vc_row_inner][\/vc_column][vc_column width=\u00bb1\/3&#8243;][vc_gallery interval=\u00bb5&#8243; images=\u00bb1479,1478,1500,1501,1502,1503,1504,1505,1506,1507,1508,1509&#8243; onclick=\u00bbimg_link_large\u00bb]\n<div class=\"wpcf7 no-js\" id=\"wpcf7-f4-o1\" lang=\"es-ES\" dir=\"ltr\">\n<div class=\"screen-reader-response\"><p role=\"status\" aria-live=\"polite\" aria-atomic=\"true\"><\/p> <ul><\/ul><\/div>\n<form action=\"\/index.php?rest_route=%2Fwp%2Fv2%2Fpages%2F1495#wpcf7-f4-o1\" method=\"post\" class=\"wpcf7-form init\" aria-label=\"Formulario de contacto\" novalidate=\"novalidate\" data-status=\"init\">\n<div style=\"display: none;\">\n<input type=\"hidden\" name=\"_wpcf7\" value=\"4\" \/>\n<input type=\"hidden\" name=\"_wpcf7_version\" value=\"5.8.6\" \/>\n<input type=\"hidden\" name=\"_wpcf7_locale\" value=\"es_ES\" \/>\n<input type=\"hidden\" name=\"_wpcf7_unit_tag\" value=\"wpcf7-f4-o1\" \/>\n<input type=\"hidden\" name=\"_wpcf7_container_post\" value=\"0\" \/>\n<input type=\"hidden\" name=\"_wpcf7_posted_data_hash\" value=\"\" \/>\n<\/div>\n<h3>SOLICITAR INFO\n<\/h3>\n<p>\u00bfQuer\u00e9s estudiar en Liceo Inform\u00e1tico?<br \/>\nConsultanos a trav\u00e9s del formulario y te responderemos a la brevedad.\n<\/p>\n<p><span class=\"wpcf7-form-control-wrap\" data-name=\"Sector\"><select class=\"wpcf7-form-control wpcf7-select wpcf7-validates-as-required\" aria-required=\"true\" aria-invalid=\"false\" name=\"Sector\"><option value=\"Seleccione su inter\u00e9s\">Seleccione su inter\u00e9s<\/option><option value=\"Educaci\u00f3n Inicial\">Educaci\u00f3n Inicial<\/option><option value=\"Educaci\u00f3n Primaria\">Educaci\u00f3n Primaria<\/option><option value=\"Educaci\u00f3n Secundaria\">Educaci\u00f3n Secundaria<\/option><option value=\"Epja - Secundario Para Adultos\">Epja - Secundario Para Adultos<\/option><option value=\"Nivel Superior - Tecnicaturas\">Nivel Superior - Tecnicaturas<\/option><option value=\"Nivel Superior - Profesorados\">Nivel Superior - Profesorados<\/option><option value=\"Formaci\u00f3n Docente Continua\">Formaci\u00f3n Docente Continua<\/option><\/select><\/span>\n<\/p>\n<p><span class=\"wpcf7-form-control-wrap\" data-name=\"your-name\"><input size=\"40\" class=\"wpcf7-form-control wpcf7-text wpcf7-validates-as-required\" aria-required=\"true\" aria-invalid=\"false\" placeholder=\"Nombre y Apellido\" value=\"\" type=\"text\" name=\"your-name\" \/><\/span>\n<\/p>\n<p><span class=\"wpcf7-form-control-wrap\" data-name=\"your-email\"><input size=\"40\" class=\"wpcf7-form-control wpcf7-email wpcf7-validates-as-required wpcf7-text wpcf7-validates-as-email\" aria-required=\"true\" aria-invalid=\"false\" placeholder=\"E-mail\" value=\"\" type=\"email\" name=\"your-email\" \/><\/span>\n<\/p>\n<p><span class=\"wpcf7-form-control-wrap\" data-name=\"localidad\"><input size=\"40\" class=\"wpcf7-form-control wpcf7-text wpcf7-validates-as-required\" aria-required=\"true\" aria-invalid=\"false\" placeholder=\"Tel\u00e9fono\/Celular\" value=\"\" type=\"text\" name=\"localidad\" \/><\/span>\n<\/p>\n<p><span class=\"wpcf7-form-control-wrap\" data-name=\"your-message\"><textarea cols=\"40\" rows=\"10\" class=\"wpcf7-form-control wpcf7-textarea\" aria-invalid=\"false\" placeholder=\"Su consulta\" name=\"your-message\"><\/textarea><\/span>\n<\/p>\n<p><input class=\"wpcf7-form-control wpcf7-submit has-spinner\" type=\"submit\" value=\"Enviar\" \/>\n<\/p><p style=\"display: none !important;\" class=\"akismet-fields-container\" data-prefix=\"_wpcf7_ak_\"><label>&#916;<textarea name=\"_wpcf7_ak_hp_textarea\" cols=\"45\" rows=\"8\" maxlength=\"100\"><\/textarea><\/label><input type=\"hidden\" id=\"ak_js_1\" name=\"_wpcf7_ak_js\" value=\"136\"\/><script>document.getElementById( \"ak_js_1\" ).setAttribute( \"value\", ( new Date() ).getTime() );<\/script><\/p><div class=\"wpcf7-response-output\" aria-hidden=\"true\"><\/div>\n<\/form>\n<\/div>\n[\/vc_column][\/vc_row][vc_row][vc_column][\/vc_column][\/vc_row]<\/p>\n\n\n<p><\/p>\n","protected":false},"excerpt":{"rendered":"<p>[vc_row][vc_column width=\u00bb2\/3&#8243;][vc_tta_tour color=\u00bbblue\u00bb active_section=\u00bb1&#8243;][vc_tta_section title=\u00bbHistoria\u00bb tab_id=\u00bb1668499846918-c8b5a2be-6c19&#8243;][vc_wp_text] Nuestra instituci\u00f3n educativa desde sus or\u00edgenes asume la Inclusi\u00f3n en su multiplicidad de manifestaciones (pedag\u00f3gica, pol\u00edtica, social y filos\u00f3fica). Este proyecto promueve el desarrollo de las alfabetizaciones m\u00faltiples y la valoraci\u00f3n de los diversos modos de aprender. En tal sentido, seguimos trabajando para fortalecer las caracter\u00edsticas fundantes del Proyecto &#8230; <a class=\"read-more\" href=\"https:\/\/liceoinformatico.edu.ar\/?page_id=1495\">Leer m\u00e1s<\/a><\/p>\n","protected":false},"author":5,"featured_media":0,"parent":0,"menu_order":0,"comment_status":"closed","ping_status":"closed","template":"","meta":{"footnotes":"","_joinchat":[]},"acf":[],"yoast_head":"<!-- This site is optimized with the Yoast SEO plugin v21.9.1 - https:\/\/yoast.com\/wordpress\/plugins\/seo\/ -->\n<title>Educacion inicial - Complejo Educativo Liceo Inform\u00e1tico II - Ciudad Educativa<\/title>\n<meta name=\"robots\" content=\"index, follow, max-snippet:-1, max-image-preview:large, max-video-preview:-1\" \/>\n<link rel=\"canonical\" href=\"https:\/\/liceoinformatico.edu.ar\/?page_id=1495\" \/>\n<meta property=\"og:locale\" content=\"es_ES\" \/>\n<meta property=\"og:type\" content=\"article\" \/>\n<meta property=\"og:title\" content=\"Educacion inicial - Complejo Educativo Liceo Inform\u00e1tico II - Ciudad Educativa\" \/>\n<meta property=\"og:description\" content=\"[vc_row][vc_column width=\u00bb2\/3&#8243;][vc_tta_tour color=\u00bbblue\u00bb active_section=\u00bb1&#8243;][vc_tta_section title=\u00bbHistoria\u00bb tab_id=\u00bb1668499846918-c8b5a2be-6c19&#8243;][vc_wp_text] Nuestra instituci\u00f3n educativa desde sus or\u00edgenes asume la Inclusi\u00f3n en su multiplicidad de manifestaciones (pedag\u00f3gica, pol\u00edtica, social y filos\u00f3fica). Este proyecto promueve el desarrollo de las alfabetizaciones m\u00faltiples y la valoraci\u00f3n de los diversos modos de aprender. En tal sentido, seguimos trabajando para fortalecer las caracter\u00edsticas fundantes del Proyecto ... Leer m\u00e1s\" \/>\n<meta property=\"og:url\" content=\"https:\/\/liceoinformatico.edu.ar\/?page_id=1495\" \/>\n<meta property=\"og:site_name\" content=\"Complejo Educativo Liceo Inform\u00e1tico II - Ciudad Educativa\" \/>\n<meta property=\"article:modified_time\" content=\"2023-10-21T12:38:10+00:00\" \/>\n<meta name=\"twitter:card\" content=\"summary_large_image\" \/>\n<meta name=\"twitter:label1\" content=\"Tiempo de lectura\" \/>\n\t<meta name=\"twitter:data1\" content=\"5 minutos\" \/>\n<script type=\"application\/ld+json\" class=\"yoast-schema-graph\">{\"@context\":\"https:\/\/schema.org\",\"@graph\":[{\"@type\":\"WebPage\",\"@id\":\"https:\/\/liceoinformatico.edu.ar\/?page_id=1495\",\"url\":\"https:\/\/liceoinformatico.edu.ar\/?page_id=1495\",\"name\":\"Educacion inicial - Complejo Educativo Liceo Inform\u00e1tico II - Ciudad Educativa\",\"isPartOf\":{\"@id\":\"https:\/\/liceoinformatico.edu.ar\/#website\"},\"datePublished\":\"2022-11-15T08:09:17+00:00\",\"dateModified\":\"2023-10-21T12:38:10+00:00\",\"breadcrumb\":{\"@id\":\"https:\/\/liceoinformatico.edu.ar\/?page_id=1495#breadcrumb\"},\"inLanguage\":\"es\",\"potentialAction\":[{\"@type\":\"ReadAction\",\"target\":[\"https:\/\/liceoinformatico.edu.ar\/?page_id=1495\"]}]},{\"@type\":\"BreadcrumbList\",\"@id\":\"https:\/\/liceoinformatico.edu.ar\/?page_id=1495#breadcrumb\",\"itemListElement\":[{\"@type\":\"ListItem\",\"position\":1,\"name\":\"Portada\",\"item\":\"https:\/\/liceoinformatico.edu.ar\/\"},{\"@type\":\"ListItem\",\"position\":2,\"name\":\"Educacion inicial\"}]},{\"@type\":\"WebSite\",\"@id\":\"https:\/\/liceoinformatico.edu.ar\/#website\",\"url\":\"https:\/\/liceoinformatico.edu.ar\/\",\"name\":\"Complejo Educativo Liceo Inform\u00e1tico II - Ciudad Educativa\",\"description\":\"\",\"publisher\":{\"@id\":\"https:\/\/liceoinformatico.edu.ar\/#organization\"},\"potentialAction\":[{\"@type\":\"SearchAction\",\"target\":{\"@type\":\"EntryPoint\",\"urlTemplate\":\"https:\/\/liceoinformatico.edu.ar\/?s={search_term_string}\"},\"query-input\":\"required name=search_term_string\"}],\"inLanguage\":\"es\"},{\"@type\":\"Organization\",\"@id\":\"https:\/\/liceoinformatico.edu.ar\/#organization\",\"name\":\"Complejo Educativo Liceo Inform\u00e1tico II - Ciudad Educativa\",\"url\":\"https:\/\/liceoinformatico.edu.ar\/\",\"logo\":{\"@type\":\"ImageObject\",\"inLanguage\":\"es\",\"@id\":\"https:\/\/liceoinformatico.edu.ar\/#\/schema\/logo\/image\/\",\"url\":\"https:\/\/liceoinformatico.edu.ar\/wp-content\/uploads\/2022\/11\/cropped-header-2.jpg\",\"contentUrl\":\"https:\/\/liceoinformatico.edu.ar\/wp-content\/uploads\/2022\/11\/cropped-header-2.jpg\",\"width\":1022,\"height\":127,\"caption\":\"Complejo Educativo Liceo Inform\u00e1tico II - Ciudad Educativa\"},\"image\":{\"@id\":\"https:\/\/liceoinformatico.edu.ar\/#\/schema\/logo\/image\/\"}}]}<\/script>\n<!-- \/ Yoast SEO plugin. -->","yoast_head_json":{"title":"Educacion inicial - Complejo Educativo Liceo Inform\u00e1tico II - Ciudad Educativa","robots":{"index":"index","follow":"follow","max-snippet":"max-snippet:-1","max-image-preview":"max-image-preview:large","max-video-preview":"max-video-preview:-1"},"canonical":"https:\/\/liceoinformatico.edu.ar\/?page_id=1495","og_locale":"es_ES","og_type":"article","og_title":"Educacion inicial - Complejo Educativo Liceo Inform\u00e1tico II - Ciudad Educativa","og_description":"[vc_row][vc_column width=\u00bb2\/3&#8243;][vc_tta_tour color=\u00bbblue\u00bb active_section=\u00bb1&#8243;][vc_tta_section title=\u00bbHistoria\u00bb tab_id=\u00bb1668499846918-c8b5a2be-6c19&#8243;][vc_wp_text] Nuestra instituci\u00f3n educativa desde sus or\u00edgenes asume la Inclusi\u00f3n en su multiplicidad de manifestaciones (pedag\u00f3gica, pol\u00edtica, social y filos\u00f3fica). Este proyecto promueve el desarrollo de las alfabetizaciones m\u00faltiples y la valoraci\u00f3n de los diversos modos de aprender. En tal sentido, seguimos trabajando para fortalecer las caracter\u00edsticas fundantes del Proyecto ... Leer m\u00e1s","og_url":"https:\/\/liceoinformatico.edu.ar\/?page_id=1495","og_site_name":"Complejo Educativo Liceo Inform\u00e1tico II - Ciudad Educativa","article_modified_time":"2023-10-21T12:38:10+00:00","twitter_card":"summary_large_image","twitter_misc":{"Tiempo de lectura":"5 minutos"},"schema":{"@context":"https:\/\/schema.org","@graph":[{"@type":"WebPage","@id":"https:\/\/liceoinformatico.edu.ar\/?page_id=1495","url":"https:\/\/liceoinformatico.edu.ar\/?page_id=1495","name":"Educacion inicial - Complejo Educativo Liceo Inform\u00e1tico II - Ciudad Educativa","isPartOf":{"@id":"https:\/\/liceoinformatico.edu.ar\/#website"},"datePublished":"2022-11-15T08:09:17+00:00","dateModified":"2023-10-21T12:38:10+00:00","breadcrumb":{"@id":"https:\/\/liceoinformatico.edu.ar\/?page_id=1495#breadcrumb"},"inLanguage":"es","potentialAction":[{"@type":"ReadAction","target":["https:\/\/liceoinformatico.edu.ar\/?page_id=1495"]}]},{"@type":"BreadcrumbList","@id":"https:\/\/liceoinformatico.edu.ar\/?page_id=1495#breadcrumb","itemListElement":[{"@type":"ListItem","position":1,"name":"Portada","item":"https:\/\/liceoinformatico.edu.ar\/"},{"@type":"ListItem","position":2,"name":"Educacion inicial"}]},{"@type":"WebSite","@id":"https:\/\/liceoinformatico.edu.ar\/#website","url":"https:\/\/liceoinformatico.edu.ar\/","name":"Complejo Educativo Liceo Inform\u00e1tico II - Ciudad Educativa","description":"","publisher":{"@id":"https:\/\/liceoinformatico.edu.ar\/#organization"},"potentialAction":[{"@type":"SearchAction","target":{"@type":"EntryPoint","urlTemplate":"https:\/\/liceoinformatico.edu.ar\/?s={search_term_string}"},"query-input":"required name=search_term_string"}],"inLanguage":"es"},{"@type":"Organization","@id":"https:\/\/liceoinformatico.edu.ar\/#organization","name":"Complejo Educativo Liceo Inform\u00e1tico II - Ciudad Educativa","url":"https:\/\/liceoinformatico.edu.ar\/","logo":{"@type":"ImageObject","inLanguage":"es","@id":"https:\/\/liceoinformatico.edu.ar\/#\/schema\/logo\/image\/","url":"https:\/\/liceoinformatico.edu.ar\/wp-content\/uploads\/2022\/11\/cropped-header-2.jpg","contentUrl":"https:\/\/liceoinformatico.edu.ar\/wp-content\/uploads\/2022\/11\/cropped-header-2.jpg","width":1022,"height":127,"caption":"Complejo Educativo Liceo Inform\u00e1tico II - Ciudad Educativa"},"image":{"@id":"https:\/\/liceoinformatico.edu.ar\/#\/schema\/logo\/image\/"}}]}},"_links":{"self":[{"href":"https:\/\/liceoinformatico.edu.ar\/index.php?rest_route=\/wp\/v2\/pages\/1495"}],"collection":[{"href":"https:\/\/liceoinformatico.edu.ar\/index.php?rest_route=\/wp\/v2\/pages"}],"about":[{"href":"https:\/\/liceoinformatico.edu.ar\/index.php?rest_route=\/wp\/v2\/types\/page"}],"author":[{"embeddable":true,"href":"https:\/\/liceoinformatico.edu.ar\/index.php?rest_route=\/wp\/v2\/users\/5"}],"replies":[{"embeddable":true,"href":"https:\/\/liceoinformatico.edu.ar\/index.php?rest_route=%2Fwp%2Fv2%2Fcomments&post=1495"}],"version-history":[{"count":10,"href":"https:\/\/liceoinformatico.edu.ar\/index.php?rest_route=\/wp\/v2\/pages\/1495\/revisions"}],"predecessor-version":[{"id":1720,"href":"https:\/\/liceoinformatico.edu.ar\/index.php?rest_route=\/wp\/v2\/pages\/1495\/revisions\/1720"}],"wp:attachment":[{"href":"https:\/\/liceoinformatico.edu.ar\/index.php?rest_route=%2Fwp%2Fv2%2Fmedia&parent=1495"}],"curies":[{"name":"wp","href":"https:\/\/api.w.org\/{rel}","templated":true}]}}